+ k - 10. Let z be l(h). What is the tens digit of 0 + (-29)/(-1) + z?
2
Let b = -10 - -26. Suppose b = -q + 3*q. What is the tens digit of q/(-6)*261/(-6)?
5
Let n(j) = 3*j**2 - 8*j - 1. Let b be n(7). Let m be 3/2*b/27. Suppose -5*w - m*l = -w - 63, 4*w + 3*l - 65 = 0. What is the tens digit of w?
1
Let z(k) = -5*k**3 + 11*k**2 - 3*k + 6. Let o(n) = -9*n**3 + 21*n**2 - 6*n + 11. Let s = 13 + -7. Let d(j) = s*o(j) - 11*z(j). What is the units digit of d(-4)?
8
Suppose 4*g = 2*m - 5*m + 8, 0 = -g + 4*m + 2. Suppose -g*s = -12 + 2. Suppose s*t - 28 = -5*h - 3, 3*h = -5*t + 25. What is the units digit of t?
5
Let k = -32 - -28. What is the tens digit of k/(84/(-497))*(4 - 1)?
7
Suppose -3*z - 21 = -12. Let v = -3 + 18. Let k = z + v. What is the tens digit of k?
1
Let d(k) = -11*k + 29. Let i be d(9). Let a = -22 - i. What is the units digit of a?
8
Let b(h) = -h + 2. Let p be b(0). Suppose 3*d - 6 = p*r - r, -2*d = 4*r - 46. Let u(c) = c**3 - 10*c**2 + 10*c + 13. What is the units digit of u(r)?
2
Suppose -t - c - 866 = -2*t, -3476 = -4*t - 2*c. What is the tens digit of t?
6
Suppose -42544 = 241*r - 257*r. What is the units digit of r?
9
Let u be 16/10*(-30)/(-12). Suppose u*r = x - 238 + 85, -r + 578 = 4*x. What is the units digit of x?
5
Suppose 4*c = 4*a - 7*a + 1891, 0 = -2*c + 3*a + 923. What is the tens digit of c?
6
Suppose -5*w - 642 = -2322. What is the tens digit of w?
3
Let k(h) = -h**2 + 8*h + 12. Let a be k(9). Suppose q + 5*v - a = 0, -4*q + 0*v + 84 = 2*v. Let u = q + -9. What is the tens digit of u?
1
Let w = -159 + 1037. What is the hundreds digit of w?
8
Suppose 2*v = -w - 4*w + 3744, 3*w + 5*v - 2235 = 0. What is the hundreds digit of w?
7
Suppose 61 = 4*h + 45. Suppose 3*p = 3*g, h*g + 20 = 2*p + 6*g. What is the units digit of p?
5
Suppose 4*k + 5*f - 23 = 0, -17 = -k - 0*k - 5*f. Suppose -k*j = 0, 2*j + 34 = s - 3*j. What is the units digit of s?
4
Let p(g) be the third derivative of g**4/24 - g**3/6 + 6*g**2. Let v be p(3). Suppose -3 = v*u - 7, 1 = z - 5*u. What is the units digit of z?
1
Suppose -235*x + 1728 = -231*x. What is the units digit of x?
2
Suppose -2*u + 4*u + 3*n = 2000, -4*u - 3*n + 3988 = 0. Suppose t = -5*y + u, 5*t = -y - 0*t + 194. What is the tens digit of y?
9
Let v(t) = 6*t**2 + t + 14. Let h be v(-8). Suppose -19*p + h = -16*p. What is the units digit of p?
0
Let o be (-114)/(-8) - 10/40. Let v = 17 - o. Suppose 2*z = -5*l + 177, v*l + 47 = -2*z + 150. What is the tens digit of l?
3
Let x = -113 + 114. What is the units digit of x - (5 + -290) - -1?
7
Suppose 34 = -3*v + 2*v. What is the units digit of 2*(-2)/4*v?
4
Let m(j) = j**3 - 3*j + 1. Suppose -5*q = 4*v + 11, -4*q + 0*v = 2*v + 4. Let k be 2/2 + (2 - q). What is the units digit of m(k)?
3
Let x be (18/(-27))/(1/3). Let m be -1 - (-3 - x - 91). Suppose m = 5*n + 11. What is the tens digit of n?
1
Let b = 122 + 15. Let g = b - 75. What is the units digit of g?
2
Suppose 0 = -20*i + 1552 + 648. What is the units digit of i?
0
Let o be (-6)/(-4)*(0 + 2). Suppose -3*j + 6 = 0, 3*j = o*v - 0*v - 312. What is the hundreds digit of v?
1
What is the tens digit of -179*(-20 + (15 - 6))?
6
Suppose -5*c + 95 = -5*y, c = -2*y - 10 + 32. Suppose -18*l = -c*l + 418. What is the units digit of l?
9
Suppose -10*c = -893 - 4057. Suppose 0 = -4*v + 429 + c. What is the units digit of v?
1
Let f(v) be the first derivative of -23*v**2/2 - 72*v - 4. What is the tens digit of f(-7)?
8
Suppose 6*l - 2*l - 4508 = 0. Suppose -l = -5*d + 2043. What is the units digit of (-6)/(-33) - d/(-22)?
9
Let a(g) = 9*g**2 + 6*g + 2. What is the hundreds digit of a(-7)?
4
Let k(h) = -24*h - 180. What is the tens digit of k(-11)?
8
Let y = -894 - -1973. Suppose 6*x + 209 - y = 0. What is the tens digit of x?
4
Suppose 0 = 2*i - 4, 39*i = 2*c + 41*i - 1238. What is the units digit of c?
7
Suppose d + 2*i - 3 - 9 = 0, -3*i = 2*d - 20. Suppose -5*q = -d*v + 3*v - 222, -2*q = -v - 90. What is the tens digit of q?
4
Suppose 0 = -5*t + 25 - 300. Suppose 273 = -2*c + 5*c. Let o = c + t. What is the units digit of o?
6
Suppose j + 3*x = -1 - 4, -4*j = -5*x - 14. Let r be 2*j*(-51)/6. Let v = r - -34. What is the units digit of v?
7
Let a(s) = -168*s - 26. What is the hundreds digit of a(-3)?
4
Let j(k) = 2*k**3 - k**2 + 2*k - 1. Let r(v) = -v + 4. Let i be r(3). Let c be j(i). Suppose c = 5*l - 63. What is the tens digit of l?
1
Suppose -g + 2 + 88 = 0. Let o = 46 + -41. Suppose -g = -o*z - 0*z. What is the units digit of z?
8
Let i(x) be the second derivative of -x**4/12 + 13*x**3/6 + x**2 + 6*x. Let b be 1 + 1 - -5*2. What is the units digit of i(b)?
4
Let n(o) = -34*o**3 + o**2 + 2*o + 1. Suppose 6 - 11 = 5*y. What is the units digit of n(y)?
4
Let p(l) = -l**2 + 10*l - 15. Let j be p(5). Suppose 2*u + 2*d - j - 58 = 0, -162 = -5*u + 3*d. What is the units digit of u?
3
Suppose 5*k - 21 = 14. Suppose -1 - k = -g. What is the tens digit of (32/(-6))/(g/(-48))?
3
Suppose 199 + 2476 = 5*a. What is the hundreds digit of a?
5
Let r(d) = -448*d + 12. What is the hundreds digit of r(-1)?
4
What is the units digit of ((-12)/8)/(410/(-404) - -1)?
1
Suppose 5*i - 10*i - 1250 = -5*j, 2*i = j - 247. What is the hundreds digit of j?
2
Let w = 449 - 252. What is the hundreds digit of w?
1
Let f = 227 + 1523. What is the thousands digit of f?
1
Let w(t) = -17*t + 221. What is the tens digit of w(-24)?
2
What is the units digit of ((-10332)/11)/(-7) - 2/11?
4
Let d(m) = 10*m**2 + 13*m + 1. What is the hundreds digit of d(-16)?
3
Let n = 3249 + -1609. What is the units digit of n?
0
What is the tens digit of 2944 + -6*8/48?
4
Let f = 2230 + -1349. What is the units digit of f?
1
Suppose -4*l - 8*z + 1646 = -10*z, -3*l - z + 1247 = 0. What is the units digit of l?
4
Suppose -3*x - 1705 = -5*f - 6*x, 0 = -5*f + 3*x + 1705. Suppose 2*d - f = 43. What is the units digit of (18/24)/(4/d)?
6
Let b = 6 - 6. Suppose b*i - 4*k + 328 = 4*i, -i - 5*k = -82. What is the units digit of i?
2
Let c(v) be the first derivative of 27*v**2/2 + 5*v + 15. What is the units digit of c(2)?
9
Suppose -3*s = -5*b - 8, 3*b = -5*s + s + 30. What is the hundreds digit of (-170)/(-1) + -5 + s?
1
Let x be (24/10)/(4/20). Suppose 0 = -5*y + 2*h + x, -h + 3 + 1 = 0. Suppose 0 = -n - y*n + 85. What is the tens digit of n?
1
Let k(t) = 2*t**2 - 3*t**2 + 9*t + 13*t - 24 - 5. What is the tens digit of k(20)?
1
Let n = -20 + 23. Let a be (n/(-6))/((-3)/(-18)). What is the units digit of (-258)/(-18) + 1/a?
4
Suppose -177 = 7*h - 10*h. What is the units digit of h?
9
Let w = 26 + -21. Suppose -2*l - 15 = -2*u - 43, w*u = 15. What is the units digit of l?
7
Let t(p) be the third derivative of -p**5/30 + p**4/24 + p**3/3 - p**2. Let q(u) be the first derivative of t(u). What is the units digit of q(-3)?
3
Let s(r) = r**2 - 7*r - 9*r**2 + 9*r**2. Let t be s(7). Suppose d + t*j - 36 = -3*j, 2*d + j - 52 = 0. What is the units digit of d?
4
What is the units digit of -1 + 12/(-6) + 5793 - -2?
2
Suppose -9*d = 4*o - 11*d - 8, 2*o - 28 = -5*d. What is the units digit of o?
4
Suppose -10*u = -y - 5*u + 100, 0 = -3*y - 5*u + 240. What is the tens digit of y?
8
Suppose q - 4*z = -z - 15, 10 = 4*q + 2*z. What is the units digit of 2 + q + 4/4?
3
Suppose -2*u = 4, -1 = 5*x - 4*u - 4. What is the units digit of (3 - -9)*x*(-15)/2?
0
Let s = -1907 + 2004. What is the tens digit of s?
9
What is the units digit of (-34 - -33)/(0 - 2/2880)?
0
Let p(g) = g**2 - 6*g - 2. Let o(u) = u**2 - 12*u + 12. Let a be o(11). Let x be 1*((10 - a) + 0). What is the units digit of p(x)?
5
Let c(g) = -g**3 + 2*g**2 + 2*g. Let o be c(3). What is the units digit of -2*(63/(-2) - o)?
7
Let v(l) = 5*l**3 + l**2 - 17. What is the units digit of v(4)?
9
Let m(j) = -6*j**3 - 5*j**2 - 4*j + 1. Let t be m(-2). Let q = t + -36. What is the units digit of q?
1
Suppose -251 + 1313 = 9*m. Let l = 198 - m. What is the units digit of l?
0
Suppose 0 = -5*p - 20, -d + 44*p - 48*p + 5795 = 0. What is the thousands digit of d?
5
Let v be 12/(-4)*(0 + 3). Let a be (26/3)/((-2)/v). Let l = a - 28. What is the tens digit of l?
1
Let z(q) = 3*q**3 - 6*q**2 - 22*q - 1. Let j be z(9). Suppose -j + 543 = -7*b. What is the hundreds digit of b?
1
Let c be ((-21)/14)/(2/4). Let n be -3*7/c*-5. 